{"id":65,"date":"2021-02-07T19:58:05","date_gmt":"2021-02-07T18:58:05","guid":{"rendered":"http:\/\/dev.dachdeckerei-dettmer.de\/?page_id=65"},"modified":"2025-09-09T12:01:26","modified_gmt":"2025-09-09T10:01:26","slug":"dachfenster","status":"publish","type":"page","link":"https:\/\/www.dachdeckerei-dettmer.de\/index.php\/leistungen\/dachfenster\/","title":{"rendered":"Dachfenster"},"content":{"rendered":"\r\n<p>Dachfenster d\u00fcrfen\u00a0 in einem ausgebauten Dachgeschoss nicht fehlen. Mit nat\u00fcrlichem Sonnenlicht einem sch\u00f6nen Ausblick und sehr guten Bel\u00fcftungsm\u00f6glichkeiten machen sie den bisher ungenutzten Raum unter dem Dach erst bewohnbar.<br \/>Wir verarbeiten Fenster von den Firmen\u00a0<a href=\"http:\/\/www.roto-frank.com\/de\/\" target=\"_blank\" rel=\"noreferrer noopener\">Roto<\/a>\u00a0und\u00a0<a href=\"http:\/\/www.velux.de\/\" target=\"_blank\" rel=\"noreferrer noopener\">VELUX<\/a>.<\/p>\r\n\r\n\r\n\r\n<p><strong>Zus\u00e4tzlich montieren wir f\u00fcr Sie nach Wunsch\u00a0unter anderem<\/strong>:<\/p>\r\n\r\n\r\n\r\n<ul class=\"wp-block-list\">\r\n<li>Verdunkelungsrollos<\/li>\r\n<li>Sonnenschutz- bzw. Hitzeschutzmarkisen gegen direkte Sonneneinstrahlung<\/li>\r\n<li>Sichtschutz durch Plissees, der vor neugierigen Blicken sch\u00fctzt<\/li>\r\n<li>Insektenschutz<\/li>\r\n<li>Ma\u00dfangefertigte Innenlaibungen<\/li>\r\n<\/ul>\r\n","protected":false},"excerpt":{"rendered":"<p>Dachfenster d\u00fcrfen\u00a0 in einem ausgebauten Dachgeschoss nicht fehlen. Mit nat\u00fcrlichem Sonnenlicht einem sch\u00f6nen Ausblick und sehr guten Bel\u00fcftungsm\u00f6glichkeiten machen sie den bisher ungenutzten Raum unter dem Dach erst bewohnbar.Wir verarbeiten Fenster von den Firmen\u00a0Roto\u00a0und\u00a0VELUX. Zus\u00e4tzlich montieren wir f\u00fcr Sie nach Wunsch\u00a0unter anderem: Verdunkelungsrollos Sonnenschutz- bzw. Hitzeschutzmarkisen gegen direkte Sonneneinstrahlung Sichtschutz durch Plissees, der vor neugierigen &hellip;<\/p>\n","protected":false},"author":1,"featured_media":0,"parent":11,"menu_order":4,"comment_status":"closed","ping_status":"closed","template":"","meta":{"om_disable_all_campaigns":false,"_monsterinsights_skip_tracking":false,"_monsterinsights_sitenote_active":false,"_monsterinsights_sitenote_note":"","_monsterinsights_sitenote_category":0,"_uf_show_specific_survey":0,"_uf_disable_surveys":false,"footnotes":""},"class_list":["post-65","page","type-page","status-publish","hentry","no-thumb"],"_links":{"self":[{"href":"https:\/\/www.dachdeckerei-dettmer.de\/index.php\/wp-json\/wp\/v2\/pages\/65","targetHints":{"allow":["GET"]}}],"collection":[{"href":"https:\/\/www.dachdeckerei-dettmer.de\/index.php\/wp-json\/wp\/v2\/pages"}],"about":[{"href":"https:\/\/www.dachdeckerei-dettmer.de\/index.php\/wp-json\/wp\/v2\/types\/page"}],"author":[{"embeddable":true,"href":"https:\/\/www.dachdeckerei-dettmer.de\/index.php\/wp-json\/wp\/v2\/users\/1"}],"replies":[{"embeddable":true,"href":"https:\/\/www.dachdeckerei-dettmer.de\/index.php\/wp-json\/wp\/v2\/comments?post=65"}],"version-history":[{"count":7,"href":"https:\/\/www.dachdeckerei-dettmer.de\/index.php\/wp-json\/wp\/v2\/pages\/65\/revisions"}],"predecessor-version":[{"id":646,"href":"https:\/\/www.dachdeckerei-dettmer.de\/index.php\/wp-json\/wp\/v2\/pages\/65\/revisions\/646"}],"up":[{"embeddable":true,"href":"https:\/\/www.dachdeckerei-dettmer.de\/index.php\/wp-json\/wp\/v2\/pages\/11"}],"wp:attachment":[{"href":"https:\/\/www.dachdeckerei-dettmer.de\/index.php\/wp-json\/wp\/v2\/media?parent=65"}],"curies":[{"name":"wp","href":"https:\/\/api.w.org\/{rel}","templated":true}]}}