{"id":69,"date":"2021-02-07T19:58:48","date_gmt":"2021-02-07T18:58:48","guid":{"rendered":"http:\/\/dev.dachdeckerei-dettmer.de\/?page_id=69"},"modified":"2021-02-09T12:36:00","modified_gmt":"2021-02-09T11:36:00","slug":"fassadenbau","status":"publish","type":"page","link":"https:\/\/www.dachdeckerei-dettmer.de\/index.php\/leistungen\/fassadenbau\/","title":{"rendered":"Fassadenbau"},"content":{"rendered":"\n<p>Die Fassade ist die Au\u00dfenh\u00fclle eines Geb\u00e4udes, zum einen als optisches Gestaltungselement, aber auch als Schutz des Hauses gegen Einfl\u00fcsse von au\u00dfen, wie Temperatur und Feuchtigkeit.<\/p>\n\n\n\n<p>Sie \u00fcbernimmt den Wind-, Regen- und W\u00e4rmeschutz und beeinflusst die Energieeffizienz eines Geb\u00e4udes wesentlich.<\/p>\n\n\n\n<p><strong>Je nach Anforderung und W\u00fcnschen verarbeiten wir f\u00fcr Sie Materialien wie:<\/strong><\/p>\n\n\n\n<ul class=\"wp-block-list\"><li>&nbsp;Faserzementplatten in vielen Formen und Farben<\/li><li>Schiefer<\/li><li>Holz<\/li><li>Ziegel<\/li><\/ul>\n\n\n\n<figure class=\"wp-block-gallery columns-3 is-cropped wp-block-gallery-1 is-layout-flex wp-block-gallery-is-layout-flex\"><ul class=\"blocks-gallery-grid\"><li class=\"blocks-gallery-item\"><figure><img loading=\"lazy\" decoding=\"async\" width=\"100\" height=\"150\" src=\"http:\/\/dev.dachdeckerei-dettmer.de\/wp-content\/uploads\/2021\/02\/image001-72d0371d.jpg\" alt=\"\" data-id=\"200\" data-full-url=\"http:\/\/dev.dachdeckerei-dettmer.de\/wp-content\/uploads\/2021\/02\/image001-72d0371d.jpg\" data-link=\"http:\/\/dev.dachdeckerei-dettmer.de\/index.php\/leistungen\/fassadenbau\/image001-72d0371d\/\" class=\"wp-image-200\"\/><\/figure><\/li><li class=\"blocks-gallery-item\"><figure><img loading=\"lazy\" decoding=\"async\" width=\"370\" height=\"247\" src=\"http:\/\/dev.dachdeckerei-dettmer.de\/wp-content\/uploads\/2021\/02\/image002-5238531e.jpg\" alt=\"\" data-id=\"201\" data-full-url=\"http:\/\/dev.dachdeckerei-dettmer.de\/wp-content\/uploads\/2021\/02\/image002-5238531e.jpg\" data-link=\"http:\/\/dev.dachdeckerei-dettmer.de\/index.php\/leistungen\/fassadenbau\/image002-5238531e\/\" class=\"wp-image-201\" srcset=\"https:\/\/www.dachdeckerei-dettmer.de\/wp-content\/uploads\/2021\/02\/image002-5238531e.jpg 370w, https:\/\/www.dachdeckerei-dettmer.de\/wp-content\/uploads\/2021\/02\/image002-5238531e-300x200.jpg 300w\" sizes=\"auto, (max-width: 370px) 100vw, 370px\" \/><\/figure><\/li><li class=\"blocks-gallery-item\"><figure><img loading=\"lazy\" decoding=\"async\" width=\"370\" height=\"247\" src=\"http:\/\/dev.dachdeckerei-dettmer.de\/wp-content\/uploads\/2021\/02\/image003-0b59809a.jpg\" alt=\"\" data-id=\"202\" data-full-url=\"http:\/\/dev.dachdeckerei-dettmer.de\/wp-content\/uploads\/2021\/02\/image003-0b59809a.jpg\" data-link=\"http:\/\/dev.dachdeckerei-dettmer.de\/index.php\/leistungen\/fassadenbau\/image003-0b59809a\/\" class=\"wp-image-202\" srcset=\"https:\/\/www.dachdeckerei-dettmer.de\/wp-content\/uploads\/2021\/02\/image003-0b59809a.jpg 370w, https:\/\/www.dachdeckerei-dettmer.de\/wp-content\/uploads\/2021\/02\/image003-0b59809a-300x200.jpg 300w\" sizes=\"auto, (max-width: 370px) 100vw, 370px\" \/><\/figure><\/li><\/ul><\/figure>\n","protected":false},"excerpt":{"rendered":"<p>Die Fassade ist die Au\u00dfenh\u00fclle eines Geb\u00e4udes, zum einen als optisches Gestaltungselement, aber auch als Schutz des Hauses gegen Einfl\u00fcsse von au\u00dfen, wie Temperatur und Feuchtigkeit. Sie \u00fcbernimmt den Wind-, Regen- und W\u00e4rmeschutz und beeinflusst die Energieeffizienz eines Geb\u00e4udes wesentlich. Je nach Anforderung und W\u00fcnschen verarbeiten wir f\u00fcr Sie Materialien wie: &nbsp;Faserzementplatten in vielen Formen &hellip;<\/p>\n","protected":false},"author":1,"featured_media":0,"parent":11,"menu_order":6,"comment_status":"closed","ping_status":"closed","template":"","meta":{"om_disable_all_campaigns":false,"_monsterinsights_skip_tracking":false,"_monsterinsights_sitenote_active":false,"_monsterinsights_sitenote_note":"","_monsterinsights_sitenote_category":0,"_uf_show_specific_survey":0,"_uf_disable_surveys":false,"footnotes":""},"class_list":["post-69","page","type-page","status-publish","hentry","no-thumb"],"_links":{"self":[{"href":"https:\/\/www.dachdeckerei-dettmer.de\/index.php\/wp-json\/wp\/v2\/pages\/69","targetHints":{"allow":["GET"]}}],"collection":[{"href":"https:\/\/www.dachdeckerei-dettmer.de\/index.php\/wp-json\/wp\/v2\/pages"}],"about":[{"href":"https:\/\/www.dachdeckerei-dettmer.de\/index.php\/wp-json\/wp\/v2\/types\/page"}],"author":[{"embeddable":true,"href":"https:\/\/www.dachdeckerei-dettmer.de\/index.php\/wp-json\/wp\/v2\/users\/1"}],"replies":[{"embeddable":true,"href":"https:\/\/www.dachdeckerei-dettmer.de\/index.php\/wp-json\/wp\/v2\/comments?post=69"}],"version-history":[{"count":3,"href":"https:\/\/www.dachdeckerei-dettmer.de\/index.php\/wp-json\/wp\/v2\/pages\/69\/revisions"}],"predecessor-version":[{"id":203,"href":"https:\/\/www.dachdeckerei-dettmer.de\/index.php\/wp-json\/wp\/v2\/pages\/69\/revisions\/203"}],"up":[{"embeddable":true,"href":"https:\/\/www.dachdeckerei-dettmer.de\/index.php\/wp-json\/wp\/v2\/pages\/11"}],"wp:attachment":[{"href":"https:\/\/www.dachdeckerei-dettmer.de\/index.php\/wp-json\/wp\/v2\/media?parent=69"}],"curies":[{"name":"wp","href":"https:\/\/api.w.org\/{rel}","templated":true}]}}