{"id":75,"date":"2021-02-07T19:59:57","date_gmt":"2021-02-07T18:59:57","guid":{"rendered":"http:\/\/dev.dachdeckerei-dettmer.de\/?page_id=75"},"modified":"2021-10-11T12:24:39","modified_gmt":"2021-10-11T10:24:39","slug":"versicherung","status":"publish","type":"page","link":"https:\/\/www.dachdeckerei-dettmer.de\/index.php\/leistungen\/versicherung\/","title":{"rendered":"Versicherung"},"content":{"rendered":"\n<p><strong>Direktabrechnung mit Ihrer Versicherung<\/strong><\/p>\n\n\n\n<p>Ein Schaden ist schon unangenehm genug. Noch dazu kommt die Schadensabwicklung mit der Versicherung. Wenn man nicht alle erforderlichen Unterlagen zur Hand hat, dauert es oft l\u00e4nger als gew\u00fcnscht.<\/p>\n\n\n\n<p>F\u00fcr uns ist es Routine mit Sch\u00e4den umzugehen. Gerne bieten wir Ihnen an, die Abrechnung direkt mit Ihrer Versicherung abzuwickeln.<\/p>\n\n\n\n<p>Nehmen Sie sich Zeit, sich vom Schaden zu erholen. Um den Rest k\u00fcmmern wir uns f\u00fcr Sie!<\/p>\n\n\n\n<p>Das einzige was wir daf\u00fcr von Ihnen ben\u00f6tigen ist eine Abtretungserkl\u00e4rung.<\/p>\n\n\n\n<div class=\"wp-block-file\"><a href=\"https:\/\/dachdeckerei-dettmer.de\/wp-content\/uploads\/2021\/07\/Abtretungserklaerung_aktuell.pdf\">Abtretungserklaerung_aktuell<\/a><a href=\"https:\/\/dachdeckerei-dettmer.de\/wp-content\/uploads\/2021\/07\/Abtretungserklaerung_aktuell.pdf\" class=\"wp-block-file__button\" download>Herunterladen<\/a><\/div>\n","protected":false},"excerpt":{"rendered":"<p>Direktabrechnung mit Ihrer Versicherung Ein Schaden ist schon unangenehm genug. Noch dazu kommt die Schadensabwicklung mit der Versicherung. Wenn man nicht alle erforderlichen Unterlagen zur Hand hat, dauert es oft l\u00e4nger als gew\u00fcnscht. F\u00fcr uns ist es Routine mit Sch\u00e4den umzugehen. Gerne bieten wir Ihnen an, die Abrechnung direkt mit Ihrer Versicherung abzuwickeln. Nehmen Sie &hellip;<\/p>\n","protected":false},"author":1,"featured_media":0,"parent":11,"menu_order":9,"comment_status":"closed","ping_status":"closed","template":"","meta":{"om_disable_all_campaigns":false,"_monsterinsights_skip_tracking":false,"_monsterinsights_sitenote_active":false,"_monsterinsights_sitenote_note":"","_monsterinsights_sitenote_category":0,"_uf_show_specific_survey":0,"_uf_disable_surveys":false,"footnotes":""},"class_list":["post-75","page","type-page","status-publish","hentry","no-thumb"],"_links":{"self":[{"href":"https:\/\/www.dachdeckerei-dettmer.de\/index.php\/wp-json\/wp\/v2\/pages\/75","targetHints":{"allow":["GET"]}}],"collection":[{"href":"https:\/\/www.dachdeckerei-dettmer.de\/index.php\/wp-json\/wp\/v2\/pages"}],"about":[{"href":"https:\/\/www.dachdeckerei-dettmer.de\/index.php\/wp-json\/wp\/v2\/types\/page"}],"author":[{"embeddable":true,"href":"https:\/\/www.dachdeckerei-dettmer.de\/index.php\/wp-json\/wp\/v2\/users\/1"}],"replies":[{"embeddable":true,"href":"https:\/\/www.dachdeckerei-dettmer.de\/index.php\/wp-json\/wp\/v2\/comments?post=75"}],"version-history":[{"count":4,"href":"https:\/\/www.dachdeckerei-dettmer.de\/index.php\/wp-json\/wp\/v2\/pages\/75\/revisions"}],"predecessor-version":[{"id":492,"href":"https:\/\/www.dachdeckerei-dettmer.de\/index.php\/wp-json\/wp\/v2\/pages\/75\/revisions\/492"}],"up":[{"embeddable":true,"href":"https:\/\/www.dachdeckerei-dettmer.de\/index.php\/wp-json\/wp\/v2\/pages\/11"}],"wp:attachment":[{"href":"https:\/\/www.dachdeckerei-dettmer.de\/index.php\/wp-json\/wp\/v2\/media?parent=75"}],"curies":[{"name":"wp","href":"https:\/\/api.w.org\/{rel}","templated":true}]}}